s of 3415.
5, 683
List the prime factors of 630.
2, 3, 5, 7
What are the prime factors of 4791?
3, 1597
List the prime factors of 129.
3, 43
List the prime factors of 3064.
2, 383
What are the prime factors of 37?
37
What are the prime factors of 9414?
2, 3, 523
List the prime factors of 22408.
2, 2801
What are the prime factors of 456?
2, 3, 19
What are the prime factors of 436?
2, 109
List the prime factors of 2345.
5, 7, 67
List the prime factors of 140.
2, 5, 7
List the prime factors of 37247.
7, 17, 313
What are the prime factors of 36266?
2, 18133
List the prime factors of 22906.
2, 13, 881
What are the prime factors of 53008?
2, 3313
What are the prime factors of 1332?
2, 3, 37
What are the prime factors of 5235?
3, 5, 349
What are the prime factors of 6624?
2, 3, 23
List the prime factors of 1420.
2, 5, 71
List the prime factors of 1163.
1163
What are the prime factors of 3501?
3, 389
What are the prime factors of 63504?
2, 3, 7
List the prime factors of 108.
2, 3
List the prime factors of 1180.
2, 5, 59
List the prime factors of 1676.
2, 419
What are the prime factors of 18161?
11, 13, 127
What are the prime factors of 34123?
34123
List the prime factors of 1130.
2, 5, 113
What are the prime factors of 1472?
2, 23
List the prime factors of 1106.
2, 7, 79
List the prime factors of 57672.
2, 3, 89
List the prime factors of 1630.
2, 5, 163
What are the prime factors of 3884?
2, 971
What are the prime factors of 22168?
2, 17, 163
What are the prime factors of 261?
3, 29
List the prime factors of 30691.
47, 653
What are the prime factors of 14939?
14939
List the prime factors of 12019.
7, 17, 101
What are the prime factors of 1003?
17, 59
What are the prime factors of 28333?
29, 977
What are the prime factors of 36?
2, 3
List the prime factors of 164.
2, 41
List the prime factors of 2085.
3, 5, 139
What are the prime factors of 16685?
5, 47, 71
List the prime factors of 977.
977
What are the prime factors of 3460?
2, 5, 173
What are the prime factors of 348?
2, 3, 29
What are the prime factors of 26853?
3, 8951
List the prime factors of 102511.
23, 4457
What are the prime factors of 27260?
2, 5, 29, 47
What are the prime factors of 26204?
2, 6551
What are the prime factors of 98786?
2, 49393
List the prime factors of 2528.
2, 79
What are the prime factors of 1540?
2, 5, 7, 11
List the prime factors of 27471.
3, 9157
List the prime factors of 9049.
9049
List the prime factors of 49934.
2, 24967
What are the prime factors of 394?
2, 197
What are the prime factors of 31580?
2, 5, 1579
List the prime factors of 60726.
2, 3, 29, 349
List the prime factors of 3118.
2, 1559
List the prime factors of 2453.
11, 223
List the prime factors of 2085.
3, 5, 139
What are the prime factors of 2155?
5, 431
What are the prime factors of 7330?
2, 5, 733
List the prime factors of 25612.
2, 19, 337
List the prime factors of 3653.
13, 281
List the prime factors of 1405.
5, 281
List the prime factors of 101.
101
What are the prime factors of 101639?
37, 41, 67
List the prime factors of 116276.
2, 41, 709
List the prime factors of 490.
2, 5, 7
What are the prime factors of 4554?
2, 3, 11, 23
What are the prime factors of 2486?
2, 11, 113
List the prime factors of 31433.
17, 43
What are the prime factors of 2108?
2, 17, 31
List the prime factors of 5139.
3, 571
List the prime factors of 28416.
2, 3, 37
List the prime factors of 5157.
3, 191
List the prime factors of 38690.
2, 5, 53, 73
What are the prime factors of 91924?
2, 7, 67
What are the prime factors of 111717?
3, 12413
List the prime factors of 122171.
7, 31, 563
What are the prime factors of 29381?
11, 2671
List the prime factors of 56.
2, 7
List the prime factors of 37718.
2, 18859
List the prime factors of 2524.
2, 631
List the prime factors of 33650.
2, 5, 673
What are the prime factors of 18591?
3, 6197
List the prime factors of 712.
2, 89
What are the prime factors of 13583?
17, 47
List the prime factors of 56167.
56167
What are the prime factors of 10453?
10453
List the prime factors of 69320.
2, 5, 1733
List the prime factors of 27.
3
List the prime factors of 11617.
11617
What are the prime factors of 15086?
2, 19, 397
What are the prime factors of 7935?
3, 5, 23
What are the prime factors of 3936?
2, 3, 41
List the prime factors of 5009.
5009
What are the prime factors of 8728?
2, 1091
List the prime factors of 90042.
2, 3, 43, 349
List the prime factors of 3917.
3917
List the prime factors of 8475.
3, 5, 113
List the prime factors of 4626.
2, 3, 257
What are the prime factors of 15739?
15739
List the prime factors of 79162.
2, 39581
List the prime factors of 87569.
67, 1307
What are the prime factors of 3930?
2, 3, 5, 131
List the prime factors of 73458.
2, 3, 7, 11, 53
What are the prime factors of 2101?
11, 191
What are the prime factors of 111192?
2, 3, 41, 113
List the prime factors of 6018.
2, 3, 17, 59
What are the prime factors of 20185?
5, 11, 367
What are the prime factors of 73737?
3, 2731
What are the prime factors of 124?
2, 31
List the prime factors of 61639.
53, 1163
List the prime factors of 3110.
2, 5, 311
List the prime factors of 1109.
1109
What are the prime factors of 78830?
2, 5, 7883
List the prime factors of 4476.
2, 3, 373
List the prime factors of 90696.
2, 3, 3779
List the prime factors of 469.
7, 67
What are the prime factors of 62277?
3, 20759
List the prime factors of 145621.
7, 71, 293
What are the prime factors of 1190?
2, 5, 7, 17
List the prime factors of 4436.
2, 1109
List the prime factors of 33345.
3, 5, 13, 19
What are the prime factors of 4721?
4721
List the prime factors of 3526.
2, 41, 43
What are the prime factors of 211?
211
What are the prime factors of 603?
3, 67
List the prime factors of 88888.
2, 41, 271
What are the prime factors of 10736?
2, 11, 61
What are the prime factors of 12361?
47, 263
What are the prime factors of 56291?
181, 311
What are the prime factors of 7905?
3, 5, 17, 31
What are the prime factors of 2103?
3, 701
List the prime factors of 5089.
7, 727
What are the prime factors of 39590?
2, 5, 37, 107
List the prime factors of 26962.
2, 13, 17, 61
List the prime factors of 47993.
11, 4363
What are the prime factors of 764?
2, 191
What are the prime factors of 43254?
2, 3, 89
List the prime factors of 2382.
2, 3, 397
List the prime factors of 2074.
2, 17, 61
What are the prime factors of 21387?
3, 7129
What are the prime factors of 2228?
2, 557
List the prime factors of 29855.
5, 7, 853
What are the prime factors of 521?
521
List the prime factors of 19349.
11, 1759
List the prime factors of 1713.
3, 571
List the prime factors of 105589.
11, 29, 331
List the prime factors of 23452.
2, 11, 13, 41
List the prime factors of 2615.
5, 523
List the prime factors of 504.
2, 3, 7
What are the prime factors of 43928?
2, 17, 19
What are the prime factors of 3536?
2, 13, 17
List the prime factors of 18181.
18181
What are the prime factors of 2443?
7, 349
List the prime factors of 48013.
7, 19
List the prime factors of 16339.
16339
What are the prime factors of 7621?
7621
What are the prime factors of 1794?
2, 3, 13, 23
What are the prime factors of 30099?
3, 79, 127
What are the prime factors of 9012?
2, 3, 751
List the prime factors of 3767.
3767
List the prime factors of 5326.
2, 2663
What are the prime factors of 5596?
2, 1399
List the prime factors of 3036.
2, 3, 11, 23
List the prime factors of 32745.
3, 5, 37, 59
List the prime factors of 102.
2, 3, 17
What are the prime factors of 675?
3, 5
What are the prime factors of 49490?
2, 5, 7, 101
What are the prime factors of 33487?
33487
List the prime factors of 22666.
2, 7, 1619
List the prime factors of 12100.
2, 5, 11
List the prime factors of 207.
3, 23
List the prime factors of 11898.
2, 3, 661
What are the prime factors of 1923?
3, 641
What are the prime factors of 71685?
3, 5, 59
What are the prime factors of 100065?
3, 5, 7, 953
What are the prime factors of 532?
2, 7, 19
List the prime factors of 372.
2, 3, 31
What are the prime factors of 1228?
2, 307
What are the prime factors of 3418?
2, 1709
List the prime factors of 5224.
2, 653
What are the prime factors of 3075?
3, 5, 41
What are the prime factors of 9540?
2, 3, 5, 53
What are the prime factors of 116622?
2, 3, 11, 19, 31
